{"id":358,"date":"2015-05-05T17:45:34","date_gmt":"2015-05-05T15:45:34","guid":{"rendered":"http:\/\/www.atelier-rieck.de\/?page_id=358"},"modified":"2015-05-06T09:39:02","modified_gmt":"2015-05-06T07:39:02","slug":"bildverleih-einrichtungsberatung","status":"publish","type":"page","link":"http:\/\/www.atelier-rieck.de\/?page_id=358","title":{"rendered":"Bildverleih"},"content":{"rendered":"<p>Sie m\u00f6chten\u00a0kein Bild kaufen sondern ausleihen, um z.B. eine Immobilie f\u00fcr den Verkauf zu versch\u00f6nern?<br \/>\nGerne unterst\u00fctze und berate ich bei der Auswahl.<br \/>\nDer Preis richtet sich nach der Bildgr\u00f6\u00dfe und der gew\u00fcnschten Leihdauer.<br \/>\nAnfragen nehme ich gerne per email entgegen.<\/p>\n","protected":false},"excerpt":{"rendered":"<p>Sie m\u00f6chten\u00a0kein Bild kaufen sondern ausleihen, um z.B. eine Immobilie f\u00fcr den Verkauf zu versch\u00f6nern? Gerne unterst\u00fctze und berate ich bei der Auswahl. Der Preis richtet sich nach der Bildgr\u00f6\u00dfe und der gew\u00fcnschten Leihdauer. Anfragen nehme ich gerne per email entgegen.<\/p>\n","protected":false},"author":1,"featured_media":0,"parent":0,"menu_order":0,"comment_status":"closed","ping_status":"closed","template":"page-gallery.php","meta":[],"_links":{"self":[{"href":"http:\/\/www.atelier-rieck.de\/index.php?rest_route=\/wp\/v2\/pages\/358"}],"collection":[{"href":"http:\/\/www.atelier-rieck.de\/index.php?rest_route=\/wp\/v2\/pages"}],"about":[{"href":"http:\/\/www.atelier-rieck.de\/index.php?rest_route=\/wp\/v2\/types\/page"}],"author":[{"embeddable":true,"href":"http:\/\/www.atelier-rieck.de\/index.php?rest_route=\/wp\/v2\/users\/1"}],"replies":[{"embeddable":true,"href":"http:\/\/www.atelier-rieck.de\/index.php?rest_route=%2Fwp%2Fv2%2Fcomments&post=358"}],"version-history":[{"count":11,"href":"http:\/\/www.atelier-rieck.de\/index.php?rest_route=\/wp\/v2\/pages\/358\/revisions"}],"predecessor-version":[{"id":397,"href":"http:\/\/www.atelier-rieck.de\/index.php?rest_route=\/wp\/v2\/pages\/358\/revisions\/397"}],"wp:attachment":[{"href":"http:\/\/www.atelier-rieck.de\/index.php?rest_route=%2Fwp%2Fv2%2Fmedia&parent=358"}],"curies":[{"name":"wp","href":"https:\/\/api.w.org\/{rel}","templated":true}]}}

<p>Sie möchten kein Bild kaufen sondern ausleihen, um z.B. eine Immobilie für den Verkauf zu verschönern?<br />
Gerne unterstütze und berate ich bei der Auswahl.<br />
Der Preis richtet sich nach der Bildgröße und der gewünschten Leihdauer.<br />
Anfragen nehme ich gerne per email entgegen.</p>

<p>Sie möchten kein Bild kaufen sondern ausleihen, um z.B. eine Immobilie für den Verkauf zu verschönern? Gerne unterstütze und berate ich bei der Auswahl. Der Preis richtet sich nach der Bildgröße und der gewünschten Leihdauer. Anfragen nehme ich gerne per email entgegen.</p>
