{"id":4,"date":"2012-08-06T18:52:01","date_gmt":"2012-08-06T16:52:01","guid":{"rendered":"http:\/\/www.atelier-rieck.de\/?page_id=4"},"modified":"2016-08-21T20:36:02","modified_gmt":"2016-08-21T18:36:02","slug":"ausstellungen","status":"publish","type":"page","link":"http:\/\/www.atelier-rieck.de\/?page_id=4","title":{"rendered":"Ausstellungen"},"content":{"rendered":"<p>Ausstellungen:<\/p>\n<ul>\n<li>2005 &#8211; Lilienthal &#8211; &#8222;Wein und Kunst&#8220;<\/li>\n<li>2005 &#8211; Haven H\u00f6ft &#8211; Kunstmarkt im Herbst<\/li>\n<li>2006 &#8211; Haven H\u00f6ft &#8211; Kunstmarkt im Fr\u00fchling<\/li>\n<li>2007 &#8211; Atlantic Hotel Bremen Universum &#8211; &#8222;Leichtigkeit der Gedanken&#8220;<\/li>\n<li>2007 &#8211; Galerie Nordhaus &#8211; &#8222;Leichtigkeit der Gedanken&#8220;<\/li>\n<li>2008 &#8211; Raiffeisen Volksbank Delmenhorst &#8211; &#8222;Farbwelten im Gegensatz&#8220;<\/li>\n<li>2008 &#8211; Commerzbank Osterholz-Scharmbeck &#8211; &#8222;Farbwelten im Gegensatz&#8220;<\/li>\n<li>2008 &#8211; Kunstmarkt Worpswede &#8211; &#8222;Farbwelten im Gegensatz&#8220;<\/li>\n<li>2008 &#8211; Kaufhaus Kunst Bremen &#8211; &#8220; Leichtigkeit der Gedanken&#8220;<\/li>\n<li>2009 &#8211; Kunst im Knick Ganderkesee &#8211; &#8222;Die Farben der Elemente&#8220;<\/li>\n<li>2010 &#8211; Atlantic Hotel Bremen Rennbahn &#8211; &#8222;Zeitreise&#8220;<\/li>\n<li>2011 &#8211; Raiffeisen Volksbank Delmenhorst &#8211; &#8222;Zeitreise&#8220;<\/li>\n<li>2012 &#8211; Schlachthof Bremen &#8211; &#8222;Abstraktionen&#8220;<\/li>\n<li>2012 &#8211; Kunstmarkt Bremen &#8211; Kunstmarkt Schlachthof<\/li>\n<li>2012 &#8211; Galerie Inkatt &#8211; &#8222;Abstranga, ungez\u00fcgelt abstrakt&#8220;<\/li>\n<li>2013 &#8211; Rathaus Ritterhude &#8211; &#8222;Zu weit getragen&#8220;<\/li>\n<li>2014 &#8211; Galerie UTB 43 Delia Nordhaus &#8211; &#8222;Zu weit getragen&#8220;<\/li>\n<li>2014 &#8211; Volksbank Delmenhorst &#8211; &#8222;Zu weit getragen&#8220;<\/li>\n<li>2014 &#8211;\u00a0LAC Lufthansa Aviation Center Frankfurt 11\/2014 \u2013 03.2015<\/li>\n<li>2015 &#8211;\u00a0Galerie <a title=\"Galerie Wallerie\" href=\"http:\/\/zaziehb.wix.com\/wallerie1\">Wallerie<\/a> &#8211; &#8222;Von&#8230;\u00dcber&#8230;Bis&#8220;.<\/li>\n<li>2015 &#8211; <a title=\"Dirk Brinkmann\" href=\"http:\/\/www.dirk-brinkmann-friseur.de\" target=\"_blank\">Salon\u00a0und Galerie Dirk Brinkmann<\/a> Hamburg; Rothenbaumchaussee. Noch bis August 2016<\/li>\n<li>2016 &#8211;\u00a0Kultur- &amp; Kreativzentrum Fischkai57, Bremerhaven &#8211; &#8222;<a href=\"http:\/\/www.hornart.net\/index1-1%20d.htm\">Positionen<\/a>&#8222;<\/li>\n<\/ul>\n","protected":false},"excerpt":{"rendered":"<p>Ausstellungen: 2005 &#8211; Lilienthal &#8211; &#8222;Wein und Kunst&#8220; 2005 &#8211; Haven H\u00f6ft &#8211; Kunstmarkt im Herbst 2006 &#8211; Haven H\u00f6ft &#8211; Kunstmarkt im Fr\u00fchling 2007 &#8211; Atlantic Hotel Bremen Universum &#8211; &#8222;Leichtigkeit der Gedanken&#8220; 2007 &#8211; Galerie Nordhaus &#8211; &#8222;Leichtigkeit der Gedanken&#8220; 2008 &#8211; Raiffeisen Volksbank Delmenhorst &#8211; &#8222;Farbwelten im Gegensatz&#8220; 2008 &#8211; Commerzbank Osterholz-Scharmbeck [&hellip;]<\/p>\n","protected":false},"author":1,"featured_media":0,"parent":0,"menu_order":0,"comment_status":"open","ping_status":"open","template":"","meta":[],"_links":{"self":[{"href":"http:\/\/www.atelier-rieck.de\/index.php?rest_route=\/wp\/v2\/pages\/4"}],"collection":[{"href":"http:\/\/www.atelier-rieck.de\/index.php?rest_route=\/wp\/v2\/pages"}],"about":[{"href":"http:\/\/www.atelier-rieck.de\/index.php?rest_route=\/wp\/v2\/types\/page"}],"author":[{"embeddable":true,"href":"http:\/\/www.atelier-rieck.de\/index.php?rest_route=\/wp\/v2\/users\/1"}],"replies":[{"embeddable":true,"href":"http:\/\/www.atelier-rieck.de\/index.php?rest_route=%2Fwp%2Fv2%2Fcomments&post=4"}],"version-history":[{"count":24,"href":"http:\/\/www.atelier-rieck.de\/index.php?rest_route=\/wp\/v2\/pages\/4\/revisions"}],"predecessor-version":[{"id":421,"href":"http:\/\/www.atelier-rieck.de\/index.php?rest_route=\/wp\/v2\/pages\/4\/revisions\/421"}],"wp:attachment":[{"href":"http:\/\/www.atelier-rieck.de\/index.php?rest_route=%2Fwp%2Fv2%2Fmedia&parent=4"}],"curies":[{"name":"wp","href":"https:\/\/api.w.org\/{rel}","templated":true}]}}

<p>Ausstellungen:</p>
<ul>
<li>2005 &#8211; Lilienthal &#8211; &#8222;Wein und Kunst&#8220;</li>
<li>2005 &#8211; Haven Höft &#8211; Kunstmarkt im Herbst</li>
<li>2006 &#8211; Haven Höft &#8211; Kunstmarkt im Frühling</li>
<li>2007 &#8211; Atlantic Hotel Bremen Universum &#8211; &#8222;Leichtigkeit der Gedanken&#8220;</li>
<li>2007 &#8211; Galerie Nordhaus &#8211; &#8222;Leichtigkeit der Gedanken&#8220;</li>
<li>2008 &#8211; Raiffeisen Volksbank Delmenhorst &#8211; &#8222;Farbwelten im Gegensatz&#8220;</li>
<li>2008 &#8211; Commerzbank Osterholz-Scharmbeck &#8211; &#8222;Farbwelten im Gegensatz&#8220;</li>
<li>2008 &#8211; Kunstmarkt Worpswede &#8211; &#8222;Farbwelten im Gegensatz&#8220;</li>
<li>2008 &#8211; Kaufhaus Kunst Bremen &#8211; &#8220; Leichtigkeit der Gedanken&#8220;</li>
<li>2009 &#8211; Kunst im Knick Ganderkesee &#8211; &#8222;Die Farben der Elemente&#8220;</li>
<li>2010 &#8211; Atlantic Hotel Bremen Rennbahn &#8211; &#8222;Zeitreise&#8220;</li>
<li>2011 &#8211; Raiffeisen Volksbank Delmenhorst &#8211; &#8222;Zeitreise&#8220;</li>
<li>2012 &#8211; Schlachthof Bremen &#8211; &#8222;Abstraktionen&#8220;</li>
<li>2012 &#8211; Kunstmarkt Bremen &#8211; Kunstmarkt Schlachthof</li>
<li>2012 &#8211; Galerie Inkatt &#8211; &#8222;Abstranga, ungezügelt abstrakt&#8220;</li>
<li>2013 &#8211; Rathaus Ritterhude &#8211; &#8222;Zu weit getragen&#8220;</li>
<li>2014 &#8211; Galerie UTB 43 Delia Nordhaus &#8211; &#8222;Zu weit getragen&#8220;</li>
<li>2014 &#8211; Volksbank Delmenhorst &#8211; &#8222;Zu weit getragen&#8220;</li>
<li>2014 &#8211; LAC Lufthansa Aviation Center Frankfurt 11/2014 – 03.2015</li>
<li>2015 &#8211; Galerie <a title="Galerie Wallerie" href="http://zaziehb.wix.com/wallerie1">Wallerie</a> &#8211; &#8222;Von&#8230;Über&#8230;Bis&#8220;.</li>
<li>2015 &#8211; <a title="Dirk Brinkmann" href="http://www.dirk-brinkmann-friseur.de" target="_blank">Salon und Galerie Dirk Brinkmann</a> Hamburg; Rothenbaumchaussee. Noch bis August 2016</li>
<li>2016 &#8211; Kultur- &amp; Kreativzentrum Fischkai57, Bremerhaven &#8211; &#8222;<a href="http://www.hornart.net/index1-1%20d.htm">Positionen</a>&#8222;</li>
</ul>

<p>Ausstellungen: 2005 &#8211; Lilienthal &#8211; &#8222;Wein und Kunst&#8220; 2005 &#8211; Haven Höft &#8211; Kunstmarkt im Herbst 2006 &#8211; Haven Höft &#8211; Kunstmarkt im Frühling 2007 &#8211; Atlantic Hotel Bremen Universum &#8211; &#8222;Leichtigkeit der Gedanken&#8220; 2007 &#8211; Galerie Nordhaus &#8211; &#8222;Leichtigkeit der Gedanken&#8220; 2008 &#8211; Raiffeisen Volksbank Delmenhorst &#8211; &#8222;Farbwelten im Gegensatz&#8220; 2008 &#8211; Commerzbank Osterholz-Scharmbeck [&hellip;]</p>
